 7*k - 5*b, -12 = k - b. Let u(o) = o**2 + 10*o + 4. Determine u(k).
4
Let t(h) = -7*h**3 + 5*h**2 - 6*h - 5. Let p(g) = -16*g**3 + 9*g**2 - 13*g - 9. Let d(o) = 4*p(o) - 9*t(o). What is d(-9)?
-9
Let m(x) be the second derivative of x**5/40 + x**4/24 - x**3/6 - x. Let b(q) be the second derivative of m(q). Let y = 26582 - 26586. What is b(y)?
-11
Let a(q) = -2*q**3 - 7*q**2 - 4*q + 4. Let h(j) = 13*j**2 - 8 + 3*j**3 + 56*j - 24*j - 24*j. Let w(x) = 5*a(x) + 3*h(x). What is w(5)?
-9
Let k = 116 + -53. Suppose 2*u - k = -o, 0*u + 2*o = -2*u + 66. Suppose 0 = -g - 2*r + 9, 6*g - u = g - 5*r. Let d(q) = q**2 - 3*q - 2. What is d(g)?
-2
Let j = -29 - -32. Let i(w) = w**j - 7*w - 41 + 80 + 2*w**2 - 44. Calculate i(-4).
-9
Let a(q) = q - 3. Let s(f) = -f**2 + f + 90. Let w be s(-9). Give a(w).
-3
Let a be (-22)/(-3) + (-2)/6. Let t(n) = 3*n - 6. Determine t(a).
15
Let v(j) be the second derivative of -j**3/6 + 2*j**2 - 15*j. What is v(3)?
1
Let t(w) = -9*w + 2. Let m(f) = -f**3 - 2*f**2 + 119*f + 13. Let k be m(10). Determine t(k).
-25
Let l(n) = -62*n**3 - 60*n**3 - 60*n**3 + 179*n**3 - 1. Calculate l(-1).
2
Let m(z) = -1124*z**2 - z - z**3 + 7*z + 1121*z**2. Calculate m(-5).
20
Suppose -2*m = -4*m - 6. Let p(y) be the second derivative of y**2 + 0 + 1/6*y**4 + 5/6*y**3 + y. Determine p(m).
5
Suppose 3*m = m - 2. Let j = 9 - 3. Let q(l) = -7*l + 3*l - l + j*l. Determine q(m).
-1
Let l(z) = -2*z**2 - z + 3. Suppose 4*y - 84 = 32*y. Give l(y).
-12
Let c be (-20)/3 + 2/3. Let l(y) = -3*y - 10. Let k(q) = -7*q + 6*q + 2*q. Let u(v) = 2*k(v) + l(v). What is u(c)?
-4
Suppose -6*x + 10 = -x. Let t(g) = 4*g - 3. Let o be t(x). Suppose n + 2 = u, o*u - 2*n - 1 = -6*n. Let s(r) = 6*r + 1. Give s(u).
7
Let a(m) = m + 8. Suppose -11*z = -7*z - 140. Suppose 10*b + 25 + z = 0. Give a(b).
2
Suppose -44*h + 50*h = 18. Let o(y) = y**3 - 5*y**2 + y + 3. Determine o(h).
-12
Suppose 7*i - 45 = 2*i. Let d be 1/i + (-124)/(-18). Let z(u) = -u**3 + 6*u**2 + 8*u + 2. What is z(d)?
9
Let p(x) be the second derivative of 5*x**5/4 + x**4/6 - x**2/2 + 189*x. What is p(1)?
26
Let f(c) = 15*c**2 + 4*c + 2. Let d(r) = 28*r**2 + 8*r + 4. Let b(a) = -6*d(a) + 11*f(a). Let k be 2/(-1) + (-3)/3. Give b(k).
-17
Let v(a) be the third derivative of -a**4/8 + 5*a**3/2 - 246*a**2. Determine v(10).
-15
Let z(r) = -r**3 + 4*r**2 - 3*r. Let v(c) = -6*c - 27. Let w be v(-5). Determine z(w).
0
Let i(h) = h**2 - 3*h. Let j be i(-2). Let m(n) = n**3 - 11*n**2 + 9*n + 4. Calculate m(j).
-6
Let c(g) be the second derivative of 0 + 24*g - 1/20*g**5 + 0*g**4 - 1/6*g**3 - g**2. Determine c(-2).
8
Let o(d) be the third derivative of d**6/120 + d**5/60 - 13*d**3/3 - 3*d**2 + 1. Determine o(0).
-26
Let b(z) = -5*z**2 + 16*z - 18. Let o(w) = w**2 - 3*w + 3. Let h(c) = 2*b(c) + 11*o(c). Give h(3).
3
Let l(a) = 26*a. Let p(r) = -3*r. Let n(b) = 4*l(b) + 36*p(b). Determine n(-5).
20
Let t(z) be the first derivative of z**2/2 + 6*z - 1. Suppose -40 = -81*v + 91*v. Calculate t(v).
2
Suppose 0 = 6*z - 21 - 27. Suppose 5*l - 4*u = -20 - 8, -2*u + z = -l. Let r(x) = x**2 + 3*x - 1. Give r(l).
3
Let r(g) = -8 - 3*g + 0*g - 4*g - g**2. Let h be r(-6). Let w(m) be the second derivative of -m**5/20 - m**4/3 - m**3/2 - 72*m - 2. What is w(h)?
-2
Let u = 453 - 452. Let a(b) = -8*b + 8. Let z(g) = -3*g + 3. Let c(d) = 6*a(d) - 17*z(d). Let q(x) = -x. Let n(j) = u*c(j) + 2*q(j). Give n(5).
2
Let i(j) be the third derivative of -j**5/60 - j**4/4 + 5*j**3/6 + j**2. Let b = 2594 - 2598. What is i(b)?
13
Let w(i) = -23*i + 13. Let l(j) = j - 1. Let h(f) = 2*l(f) + w(f). Let b(a) = -10*a + 5. Let t(x) = -9*b(x) + 4*h(x). Determine t(1).
5
Let q(g) = -g**3 + 4*g - 8 + g - 78*g**2 + 73*g**2. Let d be 2/(-5) - (-99)/(-15). Let y(o) = o**2 + 8*o + 1. Let c be y(d). What is q(c)?
-2
Suppose 6 = -3*b + 5*b. Let o(x) = 4*x + 4*x - 5*x + b - 2*x. Suppose 3*g - 2*g = 2*p - 12, -5*p + 21 = -g. Determine o(g).
-3
Let j = -26 + 21. Let h(c) = 2*c + 27 + 0*c - 3*c - 31. Calculate h(j).
1
Let r(c) = -320*c + 0 + 156*c + c**3 + 160*c + 1 + 0*c**3 - 2*c**2. Let z be 4*(1 + 1)/2. Suppose 4*p = -4*y + 7 + 1, -5*p = -z*y + 17. Determine r(y).
-2
Let n(u) = 45*u - 88*u + 41*u. Let d be 7/(3*3/9). Determine n(d).
-14
Let y(x) = -9*x**2 + 2*x + 2. Let b(s) = -s - 21. Let a be b(-19). Give y(a).
-38
Suppose -3*p + 4*o = -31, 7*o + 40 = 4*p + 2*o. Let h(g) be the third derivative of -1/60*g**5 + 0*g + 1/12*g**4 + 15*g**2 + 0 + 5/6*g**3. What is h(p)?
-10
Let w(i) = -i**2 + 3. Let l(n) = -2 + 2*n + 8 - 1. Let x be l(-12). Let v = -19 - x. What is w(v)?
3
Let w(c) = 9*c**2 + c**3 - 8 - 1 + 2. What is w(-9)?
-7
Let b(y) = y**3 - 6*y**2 + 3*y - 1. Let v(k) = -6*k**3 + 29*k**2 - 16*k + 3. Let l(s) = 11*b(s) + 2*v(s). Let d be -1 + -1 - 8 - -2. Determine l(d).
-13
Let g(h) be the first derivative of -1/2*h**2 + 3*h - 23. Give g(0).
3
Let m(t) be the third derivative of t**5/60 - t**4/4 - 11*t**3/6 + 2*t**2 + 9. Let s(v) = 2*v - 4. Let o be s(6). Calculate m(o).
5
Let p(l) = l + 27*l**2 + 23*l**2 + l - 29 - 45*l**2. Let c(r) = -2*r**2 - r + 15. Let b(k) = 7*c(k) + 3*p(k). Give b(0).
18
Suppose -q + 20 = 4*q, -4*c + 12 = -q. Let z(y) = y**2 + y - 5. Determine z(c).
15
Let f(q) = q + 1. Let r(k) = -k**2 - k + 1. Let x(v) = 7*v**2 + 14*v - 19. Let b(t) = 6*r(t) + x(t). Let l = 11 - 20. Let i be b(l). What is f(i)?
-3
Let d(z) = -4*z + 4. Let n(b) = 4*b**2 - 10*b + 2. Let s be n(3). Calculate d(s).
-28
Let a(m) be the third derivative of -m**5/60 + m**4/4 - 7*m**3/6 - 191*m**2. Let i be (-40)/(-7) + 2/7. What is a(i)?
-7
Let q(l) = -4*l**2 - 6*l + 4. Suppose -2*i + 30 = 26. Let u(a) = -13*a + 0 - 21*a**2 + 12*a**i + 7. Let r(j) = 7*q(j) - 3*u(j). Give r(-5).
-3
Let g be ((-2070)/(-170))/(-3) - 1/(-17). Let i(q) = -3*q + 4. Let f(h) = h**2 - h - 1. Let t(c) = -f(c) + i(c). What is t(g)?
-3
Let y(f) = 3425*f**3 + 9*f + 22 - 3426*f**3 - 5*f**2 - 1. What is y(-6)?
3
Let x(v) = -v**3 + 6*v**2 - 5*v. Let g be x(5). Suppose 5*b + g*b = 15. Let l(w) = -w**2 + w + 4. Give l(b).
-2
Let f(b) be the second derivative of -b**5/60 + 5*b**4/24 - b**3/6 - 12*b**2 - 6*b. Let y(x) be the first derivative of f(x). What is y(6)?
-7
Let x(r) = -26 + 8*r - 17 - 20 + 65. Calculate x(-5).
-38
Let v(c) = c**3 - 4. Let s be (-4 + (-18)/(-4))*4. Suppose -q - 2*q + 4*a - 12 = 0, -s*q = -2*a + 6. Determine v(q).
-4
Let a(x) = x**3 + 15*x**2 + 14*x - 6. Suppose -3*r - 54 = -y + 4*y, -64 = 4*r + 2*y. What is a(r)?
-6
Let a(w) = 1 - 2 - 8*w + 6*w - 4. Let z(f) = -5*f - 16. Let m(v) = -8*a(v) + 3*z(v). Give m(6).
-2
Let i(d) = d**2 - d + 1. Let j(o) = -5*o**2 + 6*o + 1. Let g(w) = 6*i(w) + j(w). What is g(5)?
32
Suppose p + 160 = 5*p. Suppose -p = 7*n + n. Let i(g) = -g**2 - 3*g + 5. Let l(t) = -t + 1. Let v(j) = -i(j) - l(j). Give v(n).
-1
Let j be (-8)/(-6) - (-12)/18. Let d(w) = -7*w**2 + w**3 + 0*w**2 + 6*w + 0*w**j + 0*w**2 - 5. Suppose 2*z = -2*q + 18, 4*z - q - 9 = 4*q. Calculate d(z).
-5
Let h(r) be the third derivative of 3*r**2 + 0*r + 0*r**4 + 1/120*r**6 + 1/3*r**3 + 1/15*r**5 + 0. Let d = -7 - -3. Determine h(d).
2
Let d(f) = -f**2 + 4*f - 6. Let u be 2/(-5) - (-22)/5. Let w be d(u). Let c(p) = 13 - 15 - 5*p + 4*p. What is c(w)?
4
Let c = -30 - -36. Suppose f = 4*f - c. Let k(b) = 2 - 9*b**3 - 4*b**3 + 10*b**3 - b + 2*b**f. What is k(2)?
-16
Let a(c) = -6*c + 5. Let x be 1/4 + 21*(-4)/16. Determine a(x).
35
Let x(g) be the third derivative of 0*g + 0 - 7*g**2 - 1/24*g**4 - 1/30*g**6 + 1/6*g**3 + 0*g**5. Suppose 13 = b + 12. Calculate x(b).
-4
Let c(m) = -12795*m**2 + 10*m + 0 - 16*m + 12796*m**2 - 20*m - 2. Determine c(26).
-2
Let a(p) = -p**2 + 5*p + 37. Let n be a(-5). Let q(o) = -o**2 - 12*o + 8. Calculate q(n).
-5
Let g(w) = -w - 11. Let d be g(-8). Let p(i) = -1 - 52*i**2 + 5*i + 149*i**2 - 49*i**2 - i**3 + 3 - 50*i**2. Determine p(d).
-4
Let j be ((-3)/(-6))/((-3)/(-36)). Let p be 27/(-5) + j/15. Let m(y) = -y**3 - 4*y**2 + 6*y + 4. Determine m(p).
-1
Suppose 7*a - 5*a - 4 = 0. Let k(y) = -6*y + 6*y**2 - 6 + 4*y**2 - 6*y**a + y**3. Let u be ((-5)/2)/(1/2). Calculate k(u).
-1
Let q(t) = 25 + 19 + 15 - 55 - t. Calculate q(7).
-3
Let p(x) = x**3 + x**2 - x - 1. Let u(k) = 5*k**3 + 8*k**2. Let c(b) = 4*p(b) - u(b). Let o = 4 - 7. Calculate c(o).
-1
Let v(o) = -5*o + 92. L